s digit of 283775?
7
What is the tens digit of 3952669?
6
What is the hundreds digit of 340438?
4
What is the millions digit of 1623749?
1
What is the hundreds digit of 5752105?
1
What is the thousands digit of 18958846?
8
What is the tens digit of 3175715?
1
What is the units digit of 243532?
2
What is the tens digit of 236016?
1
What is the hundreds digit of 26190796?
7
What is the thousands digit of 13836186?
6
What is the thousands digit of 1447261?
7
What is the units digit of 276301?
1
What is the units digit of 552747?
7
What is the ten thousands digit of 874675?
7
What is the hundreds digit of 4212091?
0
What is the ten thousands digit of 8799720?
9
What is the hundred thousands digit of 270192?
2
What is the hundred thousands digit of 33777705?
7
What is the hundreds digit of 4691103?
1
What is the tens digit of 59991?
9
What is the thousands digit of 20986466?
6
What is the tens digit of 1061823?
2
What is the tens digit of 134554?
5
What is the ten thousands digit of 251186?
5
What is the ten thousands digit of 238585?
3
What is the hundreds digit of 442203?
2
What is the tens digit of 510613?
1
What is the hundred thousands digit of 6462955?
4
What is the hundreds digit of 261664?
6
What is the thousands digit of 319069?
9
What is the ten thousands digit of 79369?
7
What is the units digit of 1711276?
6
What is the units digit of 55440?
0
What is the tens digit of 46383?
8
What is the thousands digit of 1245385?
5
What is the hundred thousands digit of 5886040?
8
What is the ten thousands digit of 1270309?
7
What is the tens digit of 57313?
1
What is the thousands digit of 13533224?
3
What is the ten thousands digit of 71053?
7
What is the tens digit of 280197?
9
What is the ten thousands digit of 3435553?
3
What is the hundred thousands digit of 142341?
1
What is the tens digit of 404840?
4
What is the units digit of 4397996?
6
What is the hundreds digit of 411854?
8
What is the tens digit of 453436?
3
What is the hundred thousands digit of 7971618?
9
What is the millions digit of 1165823?
1
What is the tens digit of 710511?
1
What is the thousands digit of 6650283?
0
What is the ten thousands digit of 214530?
1
What is the tens digit of 345289?
8
What is the hundred thousands digit of 183982?
1
What is the hundreds digit of 659424?
4
What is the ten thousands digit of 18626708?
2
What is the ten thousands digit of 79201?
7
What is the thousands digit of 313171?
3
What is the millions digit of 13462069?
3
What is the hundred thousands digit of 1245840?
2
What is the hundred thousands digit of 166828?
1
What is the hundred thousands digit of 5075210?
0
What is the millions digit of 3322319?
3
What is the thousands digit of 240411?
0
What is the thousands digit of 370264?
0
What is the hundreds digit of 35774?
7
What is the hundred thousands digit of 11323112?
3
What is the tens digit of 20796?
9
What is the hundred thousands digit of 1170659?
1
What is the hundreds digit of 892523?
5
What is the hundred thousands digit of 17189714?
1
What is the ten thousands digit of 20717292?
1
What is the thousands digit of 1401310?
1
What is the thousands digit of 256955?
6
What is the hundreds digit of 3703097?
0
What is the units digit of 1799515?
5
What is the millions digit of 31853354?
1
What is the tens digit of 8594850?
5
What is the units digit of 416029?
9
What is the hundred thousands digit of 133619?
1
What is the tens digit of 1833609?
0
What is the units digit of 64072?
2
What is the units digit of 2144190?
0
What is the tens digit of 38151765?
6
What is the ten thousands digit of 95262?
9
What is the hundreds digit of 19001187?
1
What is the units digit of 3179966?
6
What is the thousands digit of 309410?
9
What is the tens digit of 8293349?
4
What is the hundreds digit of 245018?
0
What is the units digit of 8252469?
9
What is the hundred thousands digit of 2242572?
2
What is the tens digit of 540364?
6
What is the tens digit of 3921217?
1
What is the millions digit of 2222975?
2
What is the hundred thousands digit of 2761979?
7
What is the millions digit of 2824986?
2
What is the hundred thousands digit of 19716033?
7
What is the tens digit of 4350988?
8
What is the hundreds digit of 382237?
2
What is the thousands digit of 1082269?
2
What is the thousands digit of 193095?
3
What is the ten thousands digit of 492167?
9
What is the hundreds digit of 2604511?
5
What is the units digit of 35225?
5
What is the units digit of 9042585?
5
What is the hundreds digit of 1649084?
0
What is the hundred thousands digit of 650753?
6
What is the hundred thousands digit of 9804757?
8
What is the tens digit of 438406?
0
What is the ten thousands digit of 466598?
6
What is the ten thousands digit of 521939?
2
What is the hundred thousands digit of 2425176?
4
What is the tens digit of 87094?
9
What is the hundreds digit of 601610?
6
What is the hundreds digit of 19058806?
8
What is the hundreds digit of 759074?
0
What is the hundred thousands digit of 3941489?
9
What is the hundred thousands digit of 2474744?
4
What is the tens digit of 333695?
9
What is the ten thousands digit of 1383723?
8
What is the units digit of 4956?
6
What is the ten thousands digit of 728702?
2
What is the millions digit of 25957744?
5
What is the tens digit of 53554?
5
What is the tens digit of 9035231?
3
What is the hundred thousands digit of 403029?
4
What is the hundred thousands digit of 5145159?
1
What is the thousands digit of 3022512?
2
What is the hundred thousands digit of 17336270?
3
What is the thousands digit of 30267919?
7
What is the millions digit of 1156516?
1
What is the millions digit of 8870484?
8
What is the thousands digit of 1490008?
0
What is the units digit of 4718884?
4
What is the thousands digit of 846931?
6
What is the thousands digit of 1565940?
5
What is the millions digit of 14241527?
4
What is the units digit of 3193687?
7
What is the millions digit of 11727494?
1
What is the thousands digit of 3394987?
4
What is the thousands digit of 5710617?
0
What is the hundreds digit of 6672252?
2
What is the tens digit of 5970819?
1
What is the hundreds digit of 179267?
2
What is the hundreds digit of 1355956?
9
What is the units digit of 206870?
0
What is the ten millions digit of 10605892?
1
What is the thousands digit of 382532?
2
What is the thousands digit of 141980?
1
What is the ten thousands digit of 391192?
9
What is the ten thousands digit of 4309324?
0
What is the millions digit of 1814229?
1
What is the thousands digit of 69737?
9
What is the hundreds digit of 55894?
8
What is the units digit of 442544?
4
What is the thousands digit of 5301000?
1
What is the millions digit of 6951843?
6
What is the units digit of 744470?
0
What is the thousands digit of 4461524?
1
What is the millions digit of 1400971?
1
What is the millions digit of 27538163?
7
What is the units digit of 765488?
8
What is the hundreds digit of 10540787?
7
What is the tens digit of 7346480?
8
What is the tens digit of 298707?
0
What is the tens digit of 20534404?
0
What is the hundreds digit of 17350?
3
What is the ten thousands digit of 105005?
0
What is the ten thousands digit of 10588642?
8
What is the units digit of 328453?
3
What is the tens digit of 997808?
0
What is the units digit of 368606?
6
What is the tens digit of 3135984?
8
What is the tens digit of 388658?
5
What is the hundreds digit of 4313074?
0
What is the tens digit of 175572?
7
What is the ten thousands digit of 6671051?
7
What is the ten thousands digit of 20623588?
2
What is the units digit of 124058?
8
What is the thousands digit of 148950?
8
What is the thousands digit of 183856?
3
What is the millions digit of 8286018?
8
What is the units digit of 24482?
2
What is the ten thousands digit of 2297242?
9
What is the hundred thousands digit of 232713?
2
What is the thousands digit of 723843?
3
What is the units digit of 313723?
3
What is the tens digit of 100002?
0
What is the hundred thousands digit of 7701742?
7
What is the thousands digit of 514288?
4
What is the millions digit of 2237537?
2
What is the units digit of 126589?
9
What is the hundreds digit of 1121900?
9
What is the thousands digit of 323032?
3
What is the units digit of 2419775?
5
What is the millions digit of 8988544?
8
What